e the prime factors of 792978?
2, 3, 149, 887
What are the prime factors of 945263?
11, 85933
What are the prime factors of 18772728?
2, 3, 13, 60169
What are the prime factors of 2481137?
2481137
List the prime factors of 13772077.
11, 107, 11701
List the prime factors of 3472472.
2, 277, 1567
What are the prime factors of 256611?
3, 23, 3719
List the prime factors of 1258202.
2, 11, 57191
List the prime factors of 19777957.
53, 103, 3623
List the prime factors of 697218.
2, 3, 29, 4007
What are the prime factors of 15589602?
2, 3, 7, 123727
What are the prime factors of 608530?
2, 5, 13, 31, 151
What are the prime factors of 39828797?
3919, 10163
What are the prime factors of 785506?
2, 97, 4049
List the prime factors of 22260660.
2, 3, 5, 577, 643
List the prime factors of 24670762.
2, 12335381
What are the prime factors of 1722415?
5, 344483
List the prime factors of 275170.
2, 5, 7, 3931
What are the prime factors of 1250441?
23, 54367
What are the prime factors of 14721888?
2, 3, 153353
List the prime factors of 2549468.
2, 47, 71, 191
What are the prime factors of 4169970?
2, 3, 5, 7, 6619
What are the prime factors of 3335743?
3335743
What are the prime factors of 3157723?
29, 108887
What are the prime factors of 216234?
2, 3, 41, 293
What are the prime factors of 177673?
127, 1399
List the prime factors of 1548351.
3, 7, 3511
List the prime factors of 25134975.
3, 5, 23, 1619
List the prime factors of 6871918.
2, 3435959
What are the prime factors of 14988838?
2, 67, 111857
List the prime factors of 590982.
2, 3, 7, 14071
List the prime factors of 14831355.
3, 5, 7, 11, 12841
List the prime factors of 896368.
2, 11, 463
What are the prime factors of 9054156?
2, 3, 754513
List the prime factors of 2317795.
5, 71, 6529
What are the prime factors of 1111886?
2, 167, 3329
What are the prime factors of 119786?
2, 101, 593
List the prime factors of 1578806.
2, 191, 4133
What are the prime factors of 795873?
3, 13, 20407
What are the prime factors of 5278089?
3, 1759363
List the prime factors of 267889.
79, 3391
What are the prime factors of 376236?
2, 3, 7, 1493
What are the prime factors of 1975495?
5, 67, 5897
What are the prime factors of 42021456?
2, 3, 875447
List the prime factors of 1804172.
2, 367, 1229
List the prime factors of 163806.
2, 3, 23, 1187
List the prime factors of 1124905.
5, 157, 1433
What are the prime factors of 178411?
23, 7757
What are the prime factors of 1753369?
29, 103, 587
What are the prime factors of 229663?
7, 43, 109
List the prime factors of 34945.
5, 29, 241
List the prime factors of 300241.
113, 2657
List the prime factors of 4941277.
11, 97, 421
List the prime factors of 1433520.
2, 3, 5, 11, 181
What are the prime factors of 2596946?
2, 11, 118043
List the prime factors of 1291.
1291
What are the prime factors of 369381?
3, 123127
What are the prime factors of 185250?
2, 3, 5, 13, 19
List the prime factors of 649562.
2, 324781
List the prime factors of 652289.
11, 19, 3121
List the prime factors of 16343193.
3, 613, 8887
List the prime factors of 4722302.
2, 13, 29, 6263
List the prime factors of 208264.
2, 7, 3719
What are the prime factors of 1161343?
1161343
List the prime factors of 7260325.
5, 37, 47, 167
What are the prime factors of 12263550?
2, 3, 5, 13, 19, 331
What are the prime factors of 8346319?
8346319
What are the prime factors of 188607?
3, 62869
List the prime factors of 2813367.
3, 937789
What are the prime factors of 4752999?
3, 58679
What are the prime factors of 538374?
2, 3, 53, 1693
What are the prime factors of 4190438?
2, 7, 299317
List the prime factors of 377890.
2, 5, 23, 31, 53
List the prime factors of 283882.
2, 141941
What are the prime factors of 210982?
2, 105491
List the prime factors of 22648.
2, 19, 149
List the prime factors of 8027494.
2, 463, 8669
List the prime factors of 67802.
2, 7, 29, 167
What are the prime factors of 2463842?
2, 71, 17351
List the prime factors of 38717849.
38717849
What are the prime factors of 1670004?
2, 3, 7, 47
List the prime factors of 34694932.
2, 103, 84211
What are the prime factors of 3911419?
757, 5167
List the prime factors of 521606.
2, 31, 47, 179
What are the prime factors of 1261855?
5, 7, 31, 1163
What are the prime factors of 208106?
2, 104053
What are the prime factors of 1096168?
2, 73, 1877
What are the prime factors of 8470239?
3, 643, 4391
What are the prime factors of 799691?
19, 42089
What are the prime factors of 1476798?
2, 3, 246133
What are the prime factors of 511017?
3, 13, 13103
What are the prime factors of 197935?
5, 31, 1277
List the prime factors of 633432.
2, 3, 26393
List the prime factors of 1160602.
2, 580301
What are the prime factors of 5347913?
257, 20809
List the prime factors of 9662126.
2, 359, 13457
List the prime factors of 4905532.
2, 23, 71, 751
List the prime factors of 14125679.
14125679
What are the prime factors of 2237593?
443, 5051
What are the prime factors of 223985?
5, 44797
What are the prime factors of 756791?
7, 73, 1481
What are the prime factors of 5781790?
2, 5, 7, 151, 547
List the prime factors of 5907148.
2, 13, 47, 2417
What are the prime factors of 1652574?
2, 3, 7, 11, 73
What are the prime factors of 121412?
2, 127, 239
What are the prime factors of 439986?
2, 3, 73331
What are the prime factors of 27596640?
2, 3, 5, 57493
What are the prime factors of 288452?
2, 37, 1949
List the prime factors of 135848.
2, 16981
List the prime factors of 652518.
2, 3, 36251
What are the prime factors of 218157?
3, 72719
What are the prime factors of 748178?
2, 374089
List the prime factors of 47662.
2, 23831
What are the prime factors of 18885551?
587, 32173
What are the prime factors of 116664?
2, 3, 4861
List the prime factors of 3052106.
2, 1526053
What are the prime factors of 6045945?
3, 5, 403063
List the prime factors of 225005.
5, 11, 4091
List the prime factors of 896383.
41, 21863
What are the prime factors of 12074998?
2, 13, 17, 1607
What are the prime factors of 193986?
2, 3, 13, 829
What are the prime factors of 4626832?
2, 7, 109, 379
List the prime factors of 1059353.
353, 3001
What are the prime factors of 11500648?
2, 1437581
List the prime factors of 151288.
2, 18911
What are the prime factors of 138251?
138251
List the prime factors of 30886431.
3, 10295477
What are the prime factors of 2758131?
3, 17, 2003
What are the prime factors of 2162211?
3, 29, 857
What are the prime factors of 126524?
2, 47, 673
List the prime factors of 9958114.
2, 4979057
What are the prime factors of 1197980?
2, 5, 7, 43, 199
List the prime factors of 664269.
3, 179, 1237
List the prime factors of 642748.
2, 160687
What are the prime factors of 6306613?
19, 37, 8971
List the prime factors of 9527084.
2, 7, 59, 73, 79
What are the prime factors of 392319?
3, 43591
List the prime factors of 305064.
2, 3, 19, 223
What are the prime factors of 163794?
2, 3, 27299
List the prime factors of 699011.
67, 10433
What are the prime factors of 115643?
11, 10513
What are the prime factors of 1417104?
2, 3, 13, 757
List the prime factors of 43201.
43201
List the prime factors of 23852642.
2, 11, 37, 29303
List the prime factors of 4153559.
17, 263, 929
What are the prime factors of 36311574?
2, 3, 13, 151, 3083
What are the prime factors of 10750004?
2, 79, 34019
List the prime factors of 191415.
3, 5, 7, 1823
List the prime factors of 100616.
2, 12577
List the prime factors of 8738537.
19, 459923
List the prime factors of 400217.
400217
List the prime factors of 59724.
2, 3, 7, 79
List the prime factors of 1775528.
2, 221941
What are the prime factors of 62772?
2, 3, 5231
List the prime factors of 45233.
45233
What are the prime factors of 1592905?
5, 318581
What are the prime factors of 316434?
2, 3, 23, 2293
List the prime factors of 11758989.
3, 11, 356333
List the prime factors of 5933409.
3, 61, 32423
List the prime factors of 542814.
2, 3, 90469
List the prime factors of 3270496.
2, 102203
What are the prime factors of 101374?
2, 7, 13, 557
List the prime factors of 24191.
17, 1423
What are the prime factors of 206092?
2, 67, 769
What are the prime factors of 2590118?
2, 19, 68161
List the prime factors of 1566963.
3, 43, 4049
What are the prime factors of 488505?
3, 5, 29, 1123
List the